k - 477. Let m be u/(-20) - 1/5. What are the prime factors of (-10)/4*(m - -3)?
5
Suppose 25 - 5 = 5*n. Suppose -49 = -5*b - 2*q, b + n*b - 4*q = 67. What are the prime factors of b?
11
List the prime factors of 60/(-24)*(-202 - 0).
5, 101
What are the prime factors of (-796)/(10/(-4)*64/560)?
2, 7, 199
Suppose -5*s - 4 = -14. Suppose s*t - 4*v = -4, 2*t + 3*t = -2*v + 14. Suppose -j = t*j - 27. What are the prime factors of j?
3
Let y = 10 - 41. Let b = y - -53. List the prime factors of (3/2 + 1)*b.
5, 11
Let d(p) be the first derivative of p**2 + 6*p + 14. List the prime factors of d(5).
2
Let f = -114 + 126. Suppose 2*q = 420 + f. List the prime factors of q.
2, 3
Let a(z) = -z**3 - z**2 + 2*z + 1. Let y be 1/4 + 52/(-16). Let j be a(y). Suppose -5*f = 3*m - 36, 3*m - 50 = 4*f + j. List the prime factors of m.
17
Let x(m) = 37*m - 234. List the prime factors of x(12).
2, 3, 5, 7
Let h be -7 - (-2)/((-2)/(-1)). Let t be ((-3)/2)/(h/368). Let y = -22 + t. List the prime factors of y.
2, 5, 7
Let d(r) = 5*r**2 - 16*r - 30. List the prime factors of d(9).
3, 7, 11
Let u(y) = 2*y**2 - 21*y - 111. What are the prime factors of u(-12)?
3, 11, 13
Suppose -5*w - 5949 = 5*i - 14594, 4*i = 0. List the prime factors of w.
7, 13, 19
Let l(y) = 85*y**2 - 1. Let u(j) = 2*j - 1. Let d be u(1). What are the prime factors of l(d)?
2, 3, 7
Let i(h) = h**3 - 5*h**2 - 2*h + 9. Let m be i(6). Suppose -3*v + 59 = -5*f, 4*v - 54 - 15 = -3*f. Let o = m - v. What are the prime factors of o?
3, 5
Let n(g) = g + 1. Let h be n(1). Suppose -2*t - 4 = h. List the prime factors of 10 - ((-3)/t + 0).
3
Let o(y) = y**2 + 22*y - 54. List the prime factors of o(12).
2, 3, 59
Suppose 3*o + 2 = 5*c, o + 4*o + 14 = 3*c. What are the prime factors of c/(-11) + 8397/99?
5, 17
Let a = -631 - -1823. List the prime factors of a.
2, 149
Let s(b) be the first derivative of b**4/4 - 3*b**3 + 5*b**2 - 10*b - 2. Let p be s(8). Suppose 0 = 3*u - 12 + p. What are the prime factors of u?
2
Suppose 3*a - 48 = 2*a + 4*s, -s + 303 = 5*a. Let j be (-238)/(-10) - (-12)/a. Let u = 15 + j. What are the prime factors of u?
3, 13
Let p be (-62)/(-8 + 6) + 6 + -1. Let k be 2/(-4)*(-1 - 21). Let g = p - k. What are the prime factors of g?
5
Suppose -13*k = -7*k + 30. List the prime factors of ((-156)/k)/2*20/6.
2, 13
Let d be 198/30 - (-6)/15. Suppose -l + 43 = d. List the prime factors of l.
2, 3
Suppose 37818 = 31*z - 13*z. List the prime factors of z.
11, 191
Suppose 2*q + 3*f = -2*f - 15, 2*f = -2*q - 12. What are the prime factors of (q + 312/2)/1?
151
What are the prime factors of 1*425/10*4?
2, 5, 17
Suppose -5*c + 4*y + 0*y + 34 = 0, -7 = -c + y. Suppose s + 2*t = c*t - 51, s + 15 = -5*t. Let x = 63 + s. List the prime factors of x.
2, 7
Let y(g) = g**3 + 5*g**2 + 2*g - 2. Let n be y(-4). Let z = n + -1. Suppose -z*f = -8*f + 108. What are the prime factors of f?
2, 3
List the prime factors of (-20)/25 + 1 + 2307/15.
2, 7, 11
Suppose 27*b - 21756 = -b. What are the prime factors of b?
3, 7, 37
Suppose -5*j = -1363 - 2097. List the prime factors of j.
2, 173
Suppose 0 = -3*m + 4*o + 4, -4*o = 3*m - 2 + 6. Suppose -4*w = -m*n + 4*n + 4, -n - 2*w = 4. What are the prime factors of 35 + -4 + (7 - n)?
2, 3
Suppose -23793 = -11*u - 0*u. List the prime factors of u.
3, 7, 103
Let k(x) = -8 + 0*x + x - 12 + 0*x. Let h be k(11). Let z(t) = -t**2 - 11*t + 8. List the prime factors of z(h).
2, 13
Let t be (-8)/28 - (-20)/(-28). What are the prime factors of t - 1*(-23 - -1)?
3, 7
Let k = 64 - -352. List the prime factors of k.
2, 13
List the prime factors of 2589/9 - -8*(-1)/12.
7, 41
Let v(d) = d**2 + 29*d - 94. List the prime factors of v(15).
2, 283
Suppose -4*a + 2 + 18 = 0. Suppose -a*i = 3*q - 622, -85 = -3*i - 2*q + 288. List the prime factors of i.
5
Suppose 0 = w + 2*g - 27, 4*w - 3*g = -w + 96. Let v = -11 + w. List the prime factors of v.
2, 5
What are the prime factors of 2 + (-8)/((-56)/28315)?
3, 19, 71
Let n(q) = q**3 + 7*q**2 + 2*q. Let o = 15 + -20. Let x be n(o). List the prime factors of (30/x)/(2/104).
3, 13
Let a(i) = -3*i - 12. Let r be a(0). Let n be (20/24)/((-2)/r). Suppose 244 = 5*f + 2*x - 3*x, n*x + 93 = 2*f. What are the prime factors of f?
7
Suppose 48*t = 52*t - 384. Let l = t + -38. List the prime factors of l.
2, 29
Let r = -9 + 14. Suppose -r*w + 9 = -2*w. Suppose 0 = w*d + 7 - 4, -2*k - d = -11. List the prime factors of k.
2, 3
Let t(p) = 35*p + 2. Let j(h) = -1. Let s(d) = 5*j(d) + t(d). Let u be s(1). Suppose 3*z + z + u = 3*y, -y - z = 1. What are the prime factors of y?
2
Let u(x) = x**2 + 7*x + 10. Let z be (2 - -5)/((-9)/(-9)). What are the prime factors of u(z)?
2, 3
Suppose -1873 = -5*c + 3*j, j = c - 2*j - 365. What are the prime factors of c?
13, 29
Let s(c) = -c + 1. Let k(d) = 2 + 15 + d + 6*d + 4. Let j(r) = k(r) + 6*s(r). What are the prime factors of j(-13)?
2, 7
Suppose 4*g = 2292 - 268. List the prime factors of g.
2, 11, 23
Let h = 94 + -92. Suppose 0 = 3*f - h*p - 640, -f - 2*p = f - 420. List the prime factors of f.
2, 53
Let g(k) = k**3 + 15*k**2 - 2*k + 12. List the prime factors of g(-14).
2, 59
Let h be (-12 + 5)/((-1)/(-6)). Let b be h/(-9)*6/(-4). Let t(k) = -k**3 - 6*k**2 + 4*k - 6. What are the prime factors of t(b)?
3, 5
Let f = 46 + 4. Let b = f + -12. List the prime factors of b.
2, 19
List the prime factors of (46242/(-24))/7*(-112)/21.
2, 367
Let h(w) = -3*w - 9. Let k be h(-8). Suppose -66*g + k = -63*g. List the prime factors of g.
5
Let h = 2 - -2. Suppose 0*j + h*j = 0. Suppose -a - 6 + 18 = j. What are the prime factors of a?
2, 3
Let z = 65 + -121. Let r = z + 107. Let l = r + -28. List the prime factors of l.
23
Let l(v) = -v**2 - 18*v - 21. List the prime factors of l(-15).
2, 3
Suppose -5*o + 53 = -3*w, -5*o - 23 = -5*w - 108. Let d = w - -8. Let z = d + 22. List the prime factors of z.
2, 7
Let u be -2*(3 + -4) - 2 - -48. Suppose 5*i + 9 = -2*o, 7*o - 12 = 4*o + i. Suppose 0*t = o*t - u. What are the prime factors of t?
2
Let c(w) = -w**3 + 13*w**2 - 13*w + 9. Let l be c(12). Let j = -1 - l. Suppose -j*p + 15 = -p. List the prime factors of p.
3, 5
Let n(a) = 4*a**2 + 18*a + 20. Let b = -77 + 68. List the prime factors of n(b).
2, 7, 13
Let t be (50/30)/((-10)/(-12)). Suppose 2*w + t*w = -16. What are the prime factors of 8/(w/(-34) - 0)?
2, 17
Let b = 1153 - -275. Let q be (-2)/5 - b/30. List the prime factors of ((-3)/9)/(2/q).
2
Suppose -6*l + 1 = b - 2*l, -2*l + 8 = 2*b. Suppose 0 = b*d - 92 - 38. What are the prime factors of d?
2, 13
Let h = 12 + -6. Let u be (h/(-2))/(4/16). What are the prime factors of (-7)/7*(u - 1)?
13
Let f = 6748 - 893. List the prime factors of f.
5, 1171
Suppose 2*z + 0 = 4. Suppose -d + 385 = v + 2*v, d - 4 = 0. Suppose 0 = h - z*i - 0*i - 41, 3*h = 2*i + v. What are the prime factors of h?
43
Suppose 0*d + 4*d + 4 = 0. Let a be -1 + -1 - -1 - d. Suppose 0 = -3*h - k + 74, 2*k + a*k = 3*h - 68. What are the prime factors of h?
2, 3
Let i = -183 - -451. List the prime factors of i.
2, 67
Let m(x) = -x**2 + 8*x + 9. Let d be m(10). What are the prime factors of d/((-22)/740)*(-2)/(-5)?
2, 37
List the prime factors of ((-14)/(-1))/((-7)/2121*-3).
2, 7, 101
Suppose 0 = 5*q - c - 1294, 0 = q - c + 127 - 389. Suppose 5*o = 232 + q. What are the prime factors of o?
2, 7
Suppose 0 = -7*r + 4*r + 18. Suppose 5*h - 4 = h - 2*v, r = 3*h + 3*v. Suppose -5*b - 3*j = -18, h + 10 = 5*b + 5*j. What are the prime factors of b?
2, 3
What are the prime factors of (-1031)/(-2)*8 + -1 + 3?
2, 2063
Let c(v) = v**3 + 17*v**2 - 19*v - 13. What are the prime factors of c(-17)?
2, 5, 31
Let i be (-2 + 0)*18/(-12). Let t be -24*(-2 + (-10)/(-4)). What are the prime factors of 3*(-1 + i - t)?
2, 3, 7
Suppose -10*h = -367 - 2063. List the prime factors of h.
3
Suppose -193875 = 63*o - 110*o. What are the prime factors of o?
3, 5, 11
Suppose 0 = -11*c + 8*c + 7128. List the prime factors of c.
2, 3, 11
Suppose 68*d - 56294 = 54*d. List the prime factors of d.
4021
Let g(a) = -14*a**3 + 1 - 2*a**2 + 2*a + 4*a**2 - 17*a**3. Let l be g(-1). Suppose 5*x - l = 4*m, x + m = -x + 18. What are the prime factors of x?
2
Let w(u) = 6*u - 95. Let x(m) = -2*m + 31. Let i(g) = 4*w(g) + 14*x(g). List the prime factors of i(-16).
2,